{"id":2498,"date":"2021-04-30T00:30:24","date_gmt":"2021-04-29T23:30:24","guid":{"rendered":"https:\/\/trail.camadeira.com\/?page_id=2498"},"modified":"2022-05-02T13:23:03","modified_gmt":"2022-05-02T12:23:03","slug":"programa-5","status":"publish","type":"page","link":"http:\/\/trail.camadeira.com\/?page_id=2498","title":{"rendered":"Programa 2022"},"content":{"rendered":"\n<p>S\u00e1bado, 25 de abril de 2022- Data limite para inscri\u00e7\u00f5es *<\/p>\n\n\n\n<p><strong>Sexta-feira &#8211; 6 de maio de 2022<\/strong> &#8211; Entrega de peitorais  &#8211; Sede da AARAM &#8211; Associa\u00e7\u00e3o de Atletismo da RAM &#8211; Est\u00e1dio de C\u00e2mara de Lobos, S\u00edtio do Carmo, 9300-103 C\u00e2mara de Lobos &#8211; <strong>Das 12h30 \u00e0s 18h00<\/strong><\/p>\n\n\n\n<p><strong>S\u00e1bado &#8211; 7 de maio de 2022<\/strong> &#8211; Entrega de Peitorais &#8211; Praceta da  Serra de \u00c1gua,  Ribeira Brava &#8211; <strong>Das 14h30  \u00e0s 18h00<\/strong> &#8211; Localiza\u00e7\u00e3o Googlemaps &#8211; <a rel=\"noreferrer noopener\" href=\"https:\/\/goo.gl\/maps\/RxuPGkUR3BwXRSgr6\" target=\"_blank\">https:\/\/goo.gl\/maps\/RxuPGkUR3BwXRSgr6<\/a><\/p>\n\n\n\n<p><strong>Domingo, 8 de Maio 2022 &#8211; Dia do Evento<\/strong><\/p>\n\n\n\n<p>7h45 &#8211; Abertura do  Centro do Evento &#8211; Praceta da Serra de \u00c1gua<\/p>\n\n\n\n<p>8h20 &#8211; Chamada dos atletas para zona de concentra\u00e7\u00e3o de Partida TRB 21Km<\/p>\n\n\n\n<p><strong>8h30<\/strong> &#8211; PARTIDA Trail da Ribeira Brava  &#8211; TRB 21Km <\/p>\n\n\n\n<p>8h40 -Transporte dos participantes para a Partida da prova MTRB 12,5Km<\/p>\n\n\n\n<p>9h20 &#8211; Chamada dos atletas para a zona de concentra\u00e7\u00e3o de Partida MTRB 12,5Km<\/p>\n\n\n\n<p><strong>9h30<\/strong> &#8211; PARTIDA Mini Trail Ribeira Brava &#8211; MTRB 12,5Km <\/p>\n\n\n\n<p>13h00\/13h30 &#8211; Fim do evento\/Entrega de Pr\u00e9mios<\/p>\n","protected":false},"excerpt":{"rendered":"<p>S\u00e1bado, 25 de abril de 2022- Data limite para inscri\u00e7\u00f5es * Sexta-feira &#8211; 6 de maio de 2022 &#8211; Entrega de peitorais &#8211; Sede da AARAM &#8211; Associa\u00e7\u00e3o de Atletismo da RAM &#8211; Est\u00e1dio de C\u00e2mara de Lobos, S\u00edtio do Carmo, 9300-103 C\u00e2mara de Lobos &#8211; Das 12h30 \u00e0s 18h00 S\u00e1bado &#8211; 7 de maio &hellip; <\/p>\n<p><a class=\"more-link btn\" href=\"http:\/\/trail.camadeira.com\/?page_id=2498\">Continue a ler<\/a><\/p>\n","protected":false},"author":1,"featured_media":0,"parent":0,"menu_order":0,"comment_status":"closed","ping_status":"closed","template":"","meta":[],"_links":{"self":[{"href":"http:\/\/trail.camadeira.com\/index.php?rest_route=\/wp\/v2\/pages\/2498"}],"collection":[{"href":"http:\/\/trail.camadeira.com\/index.php?rest_route=\/wp\/v2\/pages"}],"about":[{"href":"http:\/\/trail.camadeira.com\/index.php?rest_route=\/wp\/v2\/types\/page"}],"author":[{"embeddable":true,"href":"http:\/\/trail.camadeira.com\/index.php?rest_route=\/wp\/v2\/users\/1"}],"replies":[{"embeddable":true,"href":"http:\/\/trail.camadeira.com\/index.php?rest_route=%2Fwp%2Fv2%2Fcomments&post=2498"}],"version-history":[{"count":21,"href":"http:\/\/trail.camadeira.com\/index.php?rest_route=\/wp\/v2\/pages\/2498\/revisions"}],"predecessor-version":[{"id":2842,"href":"http:\/\/trail.camadeira.com\/index.php?rest_route=\/wp\/v2\/pages\/2498\/revisions\/2842"}],"wp:attachment":[{"href":"http:\/\/trail.camadeira.com\/index.php?rest_route=%2Fwp%2Fv2%2Fmedia&parent=2498"}],"curies":[{"name":"wp","href":"https:\/\/api.w.org\/{rel}","templated":true}]}}