{"id":2465,"date":"2021-04-22T00:33:29","date_gmt":"2021-04-21T23:33:29","guid":{"rendered":"http:\/\/trail.camadeira.com\/?page_id=2465"},"modified":"2022-05-02T21:04:12","modified_gmt":"2022-05-02T20:04:12","slug":"percursos-trb-2021","status":"publish","type":"page","link":"http:\/\/trail.camadeira.com\/?page_id=2465","title":{"rendered":"Percursos \/ Localiza\u00e7\u00f5es \/ Passagens"},"content":{"rendered":"<p>O Trail da Ribeira Brava est\u00e1 previsto decorrer no dia 8 de maio de 2022, com dois percursos pontu\u00e1veis para o circuito Trail Madeira, que est\u00e3o delineados na Freguesia da Serra de \u00c1gua.<\/p>\n<p>Provas:<\/p>\n<ul>\n<li>Trail da Ribeira Brava\u00a0 (TRB 21Km) \u2013 Trail Longo, percurso circular de 21km, 1100m D+ e 1100m D-\u00a0 (tempo limite &#8211; 4h45)<\/li>\n<li>Mini Trail da Ribeira Brava\u00a0 (MTRB 12,5Km) \u2013 Trail Curto, com 12,5km, 550m D+\u00a0 e 1000m D-. (Tempo limite\u00a0 &#8211; 3h15)<\/li>\n<\/ul>\n<p><strong>Aten\u00e7\u00e3o! :<\/strong> \u00a0<strong>Todas as actividades de reconhecimento e treino nos percursos do Trail da Ribeira Brava s\u00e3o da inteira responsabilidade do interessados.<\/strong><\/p>\n<p><b>Aten\u00e7\u00e3o! Existem diversos condicionamentos em alguns parciais dos percursos, que a organiza\u00e7\u00e3o ir\u00e1 melhorar at\u00e9 \u00e0 realiza\u00e7\u00e3o\u00a0da prova.\u00a0 Existem alguns atravessamentos de estradas com circula\u00e7\u00e3o autom\u00f3vel para os quais os interessados dever\u00e3o ter o m\u00e1ximo cuidado.<\/b><\/p>\n<p><strong>Percursos em formato GPX\u00a0\u00a0<\/strong><\/p>\n<ul>\n<li><a href=\"http:\/\/trail.camadeira.com\/wp-content\/uploads\/2022\/05\/TRB-21KM.gpx\">TRB 21KM<\/a><\/li>\n<li><a href=\"http:\/\/trail.camadeira.com\/wp-content\/uploads\/2022\/05\/MTRB-12KM.gpx\">MTRB 12KM<\/a><\/li>\n<\/ul>\n<p><strong style=\"font-size: inherit;\">Percursos em formato KMZ<\/strong><\/p>\n<ul>\n<li><a href=\"http:\/\/trail.camadeira.com\/wp-content\/uploads\/2022\/05\/TRB-21KM.kmz\">TRB 21KM<\/a><\/li>\n<li><a href=\"http:\/\/trail.camadeira.com\/wp-content\/uploads\/2022\/05\/MTRB-125KM.kmz\">MTRB 12,5KM<\/a><\/li>\n<\/ul>\n<p><strong>Tabela de Passagens &#8211; Abastecimentos<\/strong><\/p>\n<p><a href=\"http:\/\/trail.camadeira.com\/wp-content\/uploads\/2022\/05\/TABELA-21KM-F.png\"><img loading=\"lazy\" class=\"alignnone size-full wp-image-2845\" src=\"http:\/\/trail.camadeira.com\/wp-content\/uploads\/2022\/05\/TABELA-21KM-F.png\" alt=\"\" width=\"1049\" height=\"360\" srcset=\"http:\/\/trail.camadeira.com\/wp-content\/uploads\/2022\/05\/TABELA-21KM-F.png 1049w, http:\/\/trail.camadeira.com\/wp-content\/uploads\/2022\/05\/TABELA-21KM-F-300x103.png 300w, http:\/\/trail.camadeira.com\/wp-content\/uploads\/2022\/05\/TABELA-21KM-F-1024x351.png 1024w, http:\/\/trail.camadeira.com\/wp-content\/uploads\/2022\/05\/TABELA-21KM-F-768x264.png 768w, http:\/\/trail.camadeira.com\/wp-content\/uploads\/2022\/05\/TABELA-21KM-F-750x257.png 750w\" sizes=\"(max-width: 1049px) 100vw, 1049px\" \/><\/a><\/p>\n<p><a href=\"http:\/\/trail.camadeira.com\/wp-content\/uploads\/2022\/05\/TABELA-PASSAGENS-12KM-F-1.png\"><img loading=\"lazy\" class=\"alignnone wp-image-2849 size-full\" src=\"http:\/\/trail.camadeira.com\/wp-content\/uploads\/2022\/05\/TABELA-PASSAGENS-12KM-F-1.png\" alt=\"\" width=\"1049\" height=\"300\" srcset=\"http:\/\/trail.camadeira.com\/wp-content\/uploads\/2022\/05\/TABELA-PASSAGENS-12KM-F-1.png 1049w, http:\/\/trail.camadeira.com\/wp-content\/uploads\/2022\/05\/TABELA-PASSAGENS-12KM-F-1-300x86.png 300w, http:\/\/trail.camadeira.com\/wp-content\/uploads\/2022\/05\/TABELA-PASSAGENS-12KM-F-1-1024x293.png 1024w, http:\/\/trail.camadeira.com\/wp-content\/uploads\/2022\/05\/TABELA-PASSAGENS-12KM-F-1-768x220.png 768w, http:\/\/trail.camadeira.com\/wp-content\/uploads\/2022\/05\/TABELA-PASSAGENS-12KM-F-1-750x214.png 750w\" sizes=\"(max-width: 1049px) 100vw, 1049px\" \/><\/a><\/p>\n<p>\u00a0<\/p>\n<p><iframe loading=\"lazy\" src=\"https:\/\/www.google.com\/maps\/d\/u\/8\/embed?mid=1ZQbO008YjPmEElYqeUuoYdMISrbN8pzg&amp;ehbc=2E312F\" width=\"640\" height=\"480\"><\/iframe><\/p>\n<p>\u00a0<\/p>\n\n\n<p><\/p>\n","protected":false},"excerpt":{"rendered":"<p>O Trail da Ribeira Brava est\u00e1 previsto decorrer no dia 8 de maio de 2022, com dois percursos pontu\u00e1veis para o circuito Trail Madeira, que est\u00e3o delineados na Freguesia da Serra de \u00c1gua. Provas: Trail da Ribeira Brava\u00a0 (TRB 21Km) \u2013 Trail Longo, percurso circular de 21km, 1100m D+ e 1100m D-\u00a0 (tempo limite &#8211; &hellip; <\/p>\n<p><a class=\"more-link btn\" href=\"http:\/\/trail.camadeira.com\/?page_id=2465\">Continue a ler<\/a><\/p>\n","protected":false},"author":1,"featured_media":0,"parent":0,"menu_order":0,"comment_status":"closed","ping_status":"closed","template":"","meta":[],"_links":{"self":[{"href":"http:\/\/trail.camadeira.com\/index.php?rest_route=\/wp\/v2\/pages\/2465"}],"collection":[{"href":"http:\/\/trail.camadeira.com\/index.php?rest_route=\/wp\/v2\/pages"}],"about":[{"href":"http:\/\/trail.camadeira.com\/index.php?rest_route=\/wp\/v2\/types\/page"}],"author":[{"embeddable":true,"href":"http:\/\/trail.camadeira.com\/index.php?rest_route=\/wp\/v2\/users\/1"}],"replies":[{"embeddable":true,"href":"http:\/\/trail.camadeira.com\/index.php?rest_route=%2Fwp%2Fv2%2Fcomments&post=2465"}],"version-history":[{"count":33,"href":"http:\/\/trail.camadeira.com\/index.php?rest_route=\/wp\/v2\/pages\/2465\/revisions"}],"predecessor-version":[{"id":2850,"href":"http:\/\/trail.camadeira.com\/index.php?rest_route=\/wp\/v2\/pages\/2465\/revisions\/2850"}],"wp:attachment":[{"href":"http:\/\/trail.camadeira.com\/index.php?rest_route=%2Fwp%2Fv2%2Fmedia&parent=2465"}],"curies":[{"name":"wp","href":"https:\/\/api.w.org\/{rel}","templated":true}]}}

Percursos / Localizações / Passagens

<p>O Trail da Ribeira Brava está previsto decorrer no dia 8 de maio de 2022, com dois percursos pontuáveis para o circuito Trail Madeira, que estão delineados na Freguesia da Serra de Água.</p>
<p>Provas:</p>
<ul>
<li>Trail da Ribeira Brava  (TRB 21Km) – Trail Longo, percurso circular de 21km, 1100m D+ e 1100m D-  (tempo limite &#8211; 4h45)</li>
<li>Mini Trail da Ribeira Brava  (MTRB 12,5Km) – Trail Curto, com 12,5km, 550m D+  e 1000m D-. (Tempo limite  &#8211; 3h15)</li>
</ul>
<p><strong>Atenção! :</strong>  <strong>Todas as actividades de reconhecimento e treino nos percursos do Trail da Ribeira Brava são da inteira responsabilidade do interessados.</strong></p>
<p><b>Atenção! Existem diversos condicionamentos em alguns parciais dos percursos, que a organização irá melhorar até à realização da prova.  Existem alguns atravessamentos de estradas com circulação automóvel para os quais os interessados deverão ter o máximo cuidado.</b></p>
<p><strong>Percursos em formato GPX  </strong></p>
<ul>
<li><a href="http://trail.camadeira.com/wp-content/uploads/2022/05/TRB-21KM.gpx">TRB 21KM</a></li>
<li><a href="http://trail.camadeira.com/wp-content/uploads/2022/05/MTRB-12KM.gpx">MTRB 12KM</a></li>
</ul>
<p><strong style="font-size: inherit;">Percursos em formato KMZ</strong></p>
<ul>
<li><a href="http://trail.camadeira.com/wp-content/uploads/2022/05/TRB-21KM.kmz">TRB 21KM</a></li>
<li><a href="http://trail.camadeira.com/wp-content/uploads/2022/05/MTRB-125KM.kmz">MTRB 12,5KM</a></li>
</ul>
<p><strong>Tabela de Passagens &#8211; Abastecimentos</strong></p>
<p><a href="http://trail.camadeira.com/wp-content/uploads/2022/05/TABELA-21KM-F.png"><img loading="lazy" class="alignnone size-full wp-image-2845" src="http://trail.camadeira.com/wp-content/uploads/2022/05/TABELA-21KM-F.png" alt="" width="1049" height="360" srcset="http://trail.camadeira.com/wp-content/uploads/2022/05/TABELA-21KM-F.png 1049w, http://trail.camadeira.com/wp-content/uploads/2022/05/TABELA-21KM-F-300x103.png 300w, http://trail.camadeira.com/wp-content/uploads/2022/05/TABELA-21KM-F-1024x351.png 1024w, http://trail.camadeira.com/wp-content/uploads/2022/05/TABELA-21KM-F-768x264.png 768w, http://trail.camadeira.com/wp-content/uploads/2022/05/TABELA-21KM-F-750x257.png 750w" sizes="(max-width: 1049px) 100vw, 1049px" /></a></p>
<p><a href="http://trail.camadeira.com/wp-content/uploads/2022/05/TABELA-PASSAGENS-12KM-F-1.png"><img loading="lazy" class="alignnone wp-image-2849 size-full" src="http://trail.camadeira.com/wp-content/uploads/2022/05/TABELA-PASSAGENS-12KM-F-1.png" alt="" width="1049" height="300" srcset="http://trail.camadeira.com/wp-content/uploads/2022/05/TABELA-PASSAGENS-12KM-F-1.png 1049w, http://trail.camadeira.com/wp-content/uploads/2022/05/TABELA-PASSAGENS-12KM-F-1-300x86.png 300w, http://trail.camadeira.com/wp-content/uploads/2022/05/TABELA-PASSAGENS-12KM-F-1-1024x293.png 1024w, http://trail.camadeira.com/wp-content/uploads/2022/05/TABELA-PASSAGENS-12KM-F-1-768x220.png 768w, http://trail.camadeira.com/wp-content/uploads/2022/05/TABELA-PASSAGENS-12KM-F-1-750x214.png 750w" sizes="(max-width: 1049px) 100vw, 1049px" /></a></p>
<p> </p>
<p><iframe loading="lazy" src="https://www.google.com/maps/d/u/8/embed?mid=1ZQbO008YjPmEElYqeUuoYdMISrbN8pzg&amp;ehbc=2E312F" width="640" height="480"></iframe></p>
<p> </p>


<p></p>

<p>O Trail da Ribeira Brava está previsto decorrer no dia 8 de maio de 2022, com dois percursos pontuáveis para o circuito Trail Madeira, que estão delineados na Freguesia da Serra de Água. Provas: Trail da Ribeira Brava  (TRB 21Km) – Trail Longo, percurso circular de 21km, 1100m D+ e 1100m D-  (tempo limite &#8211; &hellip; </p>
<p><a class="more-link btn" href="http://trail.camadeira.com/?page_id=2465">Continue a ler</a></p>
