{"id":1159,"date":"2014-10-13T00:20:38","date_gmt":"2014-10-12T23:20:38","guid":{"rendered":"http:\/\/trail.camadeira.com\/?page_id=1159"},"modified":"2017-07-25T23:21:08","modified_gmt":"2017-07-25T22:21:08","slug":"resultados-mwg-trail-challenge-2014","status":"publish","type":"page","link":"http:\/\/trail.camadeira.com\/?page_id=1159","title":{"rendered":"RESULTADOS &#8211; MWG Trail Challenge 2014"},"content":{"rendered":"<p><span style=\"text-decoration: underline;\"><strong>MWG TC 21km 1000M D+<\/strong><\/span><\/p>\n<ul>\n<li><a href=\"http:\/\/trail.camadeira.com\/wp-content\/uploads\/2014\/10\/Geral-MWG-TC-21km-1000m-D-1.htm\">Geral MWG TC 21km 1000m D+<\/a><\/li>\n<li><a href=\"http:\/\/trail.camadeira.com\/wp-content\/uploads\/2014\/10\/Escal\u00f5es-MWG-TC-21km-1000m-D-1.htm\">Escal\u00f5es &#8211; MWG TC 21km 1000m D+<\/a><\/li>\n<li><a href=\"http:\/\/trail.camadeira.com\/wp-content\/uploads\/2014\/10\/P\u00f3dios-Escal\u00f5es-MWG-TC-21km-1000m-D-1.htm\">P\u00f3dios Escal\u00f5es &#8211; MWG TC 21km 1000m D+<\/a><\/li>\n<li><a href=\"http:\/\/trail.camadeira.com\/wp-content\/uploads\/2014\/10\/Tempos-Parciais-Registados-MWG-STS-21km1.htm\">Tempos Parciais Registados MWG STS 21km<\/a><\/li>\n<\/ul>\n<p><span style=\"text-decoration: underline;\"><strong>MWG STS 11km 500m D+<\/strong><\/span><\/p>\n<ul>\n<li><a href=\"http:\/\/trail.camadeira.com\/wp-content\/uploads\/2014\/10\/Geral-MWG-STS-11km-500m-D-2.htm\">Geral MWG STS 11km 500m D+<\/a><\/li>\n<li><a href=\"http:\/\/trail.camadeira.com\/wp-content\/uploads\/2014\/10\/Escal\u00f5es-MWG-TC-11km-500m-D-3.htm\">Escal\u00f5es &#8211; MWG TC 11km 500m D+<\/a><\/li>\n<li><a href=\"http:\/\/trail.camadeira.com\/wp-content\/uploads\/2014\/10\/P\u00f3dios-Escal\u00f5es-MWG-TC-11km-500m-D-3.htm\">P\u00f3dios Escal\u00f5es &#8211; MWG TC 11km 500m D+<\/a><\/li>\n<li><a href=\"http:\/\/trail.camadeira.com\/wp-content\/uploads\/2014\/10\/Tempos-Parciais-Registados-MWG-STS-11km2.htm\">Tempos Parciais Registados MWG STS 11km<\/a><\/li>\n<\/ul>\n<p><strong><span style=\"text-decoration: underline;\">Resultados PRESS &#8211; Escal\u00f5es<\/span><\/strong><\/p>\n<ul>\n<li><a href=\"http:\/\/trail.camadeira.com\/wp-content\/uploads\/2014\/10\/Escal\u00f5es-Press-21km-e-11km2.html\">Escal\u00f5es Press 21km e 11km<\/a><\/li>\n<\/ul>\n<p><span style=\"text-decoration: underline;\"><strong>Resultados coletivos (MWG Trail Challenge 21km 1000m D+<\/strong><\/span><\/p>\n<ul>\n<li><a href=\"http:\/\/trail.camadeira.com\/wp-content\/uploads\/2014\/10\/Resultados-Coletivos-MWG-Trail-Challenge-2014.pdf\">Resultados Coletivos MWG Trail Challenge 2014<\/a><\/li>\n<\/ul>\n","protected":false},"excerpt":{"rendered":"<p>MWG TC 21km 1000M D+ Geral MWG TC 21km 1000m D+ Escal\u00f5es &#8211; MWG TC 21km 1000m D+ P\u00f3dios Escal\u00f5es &#8211; MWG TC 21km 1000m D+ Tempos Parciais Registados MWG STS 21km MWG STS 11km 500m D+ Geral MWG STS 11km 500m D+ Escal\u00f5es &#8211; MWG TC 11km 500m D+ P\u00f3dios Escal\u00f5es &#8211; MWG TC &hellip; <\/p>\n<p><a class=\"more-link btn\" href=\"http:\/\/trail.camadeira.com\/?page_id=1159\">Continue a ler<\/a><\/p>\n","protected":false},"author":1,"featured_media":0,"parent":0,"menu_order":0,"comment_status":"closed","ping_status":"closed","template":"","meta":[],"_links":{"self":[{"href":"http:\/\/trail.camadeira.com\/index.php?rest_route=\/wp\/v2\/pages\/1159"}],"collection":[{"href":"http:\/\/trail.camadeira.com\/index.php?rest_route=\/wp\/v2\/pages"}],"about":[{"href":"http:\/\/trail.camadeira.com\/index.php?rest_route=\/wp\/v2\/types\/page"}],"author":[{"embeddable":true,"href":"http:\/\/trail.camadeira.com\/index.php?rest_route=\/wp\/v2\/users\/1"}],"replies":[{"embeddable":true,"href":"http:\/\/trail.camadeira.com\/index.php?rest_route=%2Fwp%2Fv2%2Fcomments&post=1159"}],"version-history":[{"count":4,"href":"http:\/\/trail.camadeira.com\/index.php?rest_route=\/wp\/v2\/pages\/1159\/revisions"}],"predecessor-version":[{"id":1191,"href":"http:\/\/trail.camadeira.com\/index.php?rest_route=\/wp\/v2\/pages\/1159\/revisions\/1191"}],"wp:attachment":[{"href":"http:\/\/trail.camadeira.com\/index.php?rest_route=%2Fwp%2Fv2%2Fmedia&parent=1159"}],"curies":[{"name":"wp","href":"https:\/\/api.w.org\/{rel}","templated":true}]}}

<p><span style="text-decoration: underline;"><strong>MWG TC 21km 1000M D+</strong></span></p>
<ul>
<li><a href="http://trail.camadeira.com/wp-content/uploads/2014/10/Geral-MWG-TC-21km-1000m-D-1.htm">Geral MWG TC 21km 1000m D+</a></li>
<li><a href="http://trail.camadeira.com/wp-content/uploads/2014/10/Escalões-MWG-TC-21km-1000m-D-1.htm">Escalões &#8211; MWG TC 21km 1000m D+</a></li>
<li><a href="http://trail.camadeira.com/wp-content/uploads/2014/10/Pódios-Escalões-MWG-TC-21km-1000m-D-1.htm">Pódios Escalões &#8211; MWG TC 21km 1000m D+</a></li>
<li><a href="http://trail.camadeira.com/wp-content/uploads/2014/10/Tempos-Parciais-Registados-MWG-STS-21km1.htm">Tempos Parciais Registados MWG STS 21km</a></li>
</ul>
<p><span style="text-decoration: underline;"><strong>MWG STS 11km 500m D+</strong></span></p>
<ul>
<li><a href="http://trail.camadeira.com/wp-content/uploads/2014/10/Geral-MWG-STS-11km-500m-D-2.htm">Geral MWG STS 11km 500m D+</a></li>
<li><a href="http://trail.camadeira.com/wp-content/uploads/2014/10/Escalões-MWG-TC-11km-500m-D-3.htm">Escalões &#8211; MWG TC 11km 500m D+</a></li>
<li><a href="http://trail.camadeira.com/wp-content/uploads/2014/10/Pódios-Escalões-MWG-TC-11km-500m-D-3.htm">Pódios Escalões &#8211; MWG TC 11km 500m D+</a></li>
<li><a href="http://trail.camadeira.com/wp-content/uploads/2014/10/Tempos-Parciais-Registados-MWG-STS-11km2.htm">Tempos Parciais Registados MWG STS 11km</a></li>
</ul>
<p><strong><span style="text-decoration: underline;">Resultados PRESS &#8211; Escalões</span></strong></p>
<ul>
<li><a href="http://trail.camadeira.com/wp-content/uploads/2014/10/Escalões-Press-21km-e-11km2.html">Escalões Press 21km e 11km</a></li>
</ul>
<p><span style="text-decoration: underline;"><strong>Resultados coletivos (MWG Trail Challenge 21km 1000m D+</strong></span></p>
<ul>
<li><a href="http://trail.camadeira.com/wp-content/uploads/2014/10/Resultados-Coletivos-MWG-Trail-Challenge-2014.pdf">Resultados Coletivos MWG Trail Challenge 2014</a></li>
</ul>

<p>MWG TC 21km 1000M D+ Geral MWG TC 21km 1000m D+ Escalões &#8211; MWG TC 21km 1000m D+ Pódios Escalões &#8211; MWG TC 21km 1000m D+ Tempos Parciais Registados MWG STS 21km MWG STS 11km 500m D+ Geral MWG STS 11km 500m D+ Escalões &#8211; MWG TC 11km 500m D+ Pódios Escalões &#8211; MWG TC &hellip; </p>
<p><a class="more-link btn" href="http://trail.camadeira.com/?page_id=1159">Continue a ler</a></p>
